 422 + -612. Let b = v - -281. Calculate the highest common divisor of b and 7.
7
Suppose -4*r + r = -63. Let c(y) = -y**3 + 72*y**2 - 208*y + 76. Let x be c(69). Calculate the greatest common divisor of x and r.
7
Suppose 3*t - 3*w + 47 = 122, -4*t = 4*w - 108. Calculate the greatest common divisor of t and 2.
2
Let w(r) = 4*r + 56. Let v be w(-11). Calculate the greatest common divisor of v and 564.
12
Suppose 8 - 28 = -4*w. Suppose -4*q + g + 76 = 0, -g + 64 = w*q - 2*q. What is the highest common divisor of 160 and q?
20
Suppose -2*r + 200 = -4*s, 0 = 4*r + 2*s - 206 - 214. Let n(x) = -x**3 - 5*x**2 + 11*x + 5. Let l be n(-7). What is the highest common factor of r and l?
26
Let v(l) = 1 - 21*l + 3 + 0*l. Let s be v(-7). Let a = -82 + s. What is the greatest common factor of a and 23?
23
Let g(l) = -l**2 + 21*l + 112. Let p be g(22). Calculate the highest common divisor of 1035 and p.
45
Let w = 636 + -348. What is the highest common factor of 36 and w?
36
Suppose 3*k + 4 = n, -5*k - 10 = -2*n - 3*n. Let u be ((-20)/3)/(k/6). Let t = 71 - u. What is the highest common divisor of t and 155?
31
Suppose -3*o + 41 = -76. What is the greatest common divisor of o and 286?
13
Let g be 4050/36 - 6/4. What is the highest common factor of 12 and g?
3
Suppose 4*f + 94 = 4*h + 298, 5*f - 3*h = 261. Let p be 1/2*2*1. Let a be (2*p)/((-3)/(-27)). What is the highest common divisor of f and a?
18
Let o(v) = 7*v**2 - 15*v + 60. Let k be o(4). Calculate the highest common factor of 128 and k.
16
Suppose 0 = 4*q + q + 5. Let r be q + (-57)/(-9)*3. Suppose r = l - 0. Calculate the greatest common factor of l and 54.
18
Let d(p) = p**2 - 4*p + 4. Suppose 29*r = 28*r - 8. Let l be d(r). Let h be 28/3 - (-4)/6. Calculate the greatest common factor of h and l.
10
Let r(z) = -2*z + 1. Let v be r(5). Suppose 0 = 2*s - 4*d - 4, -5*d - 12 = -s + 2*s. Let t be (v/(-3))/(s/(-10)). What is the highest common factor of 3 and t?
3
Suppose h + 5*l = -8, h - l - 6 = 4. Let t(m) = -m**3 - 3*m**2 + 6*m + 1. Let z be t(-5). Calculate the greatest common factor of h and z.
7
Suppose 256*q - 2916 = 250*q. What is the greatest common factor of q and 27?
27
Let h = -61 - -91. Suppose 7*q - 45 = 6*q. What is the greatest common divisor of h and q?
15
Let n(q) = -4*q - 28. Let v be n(-7). Suppose 9*a = -v*a + 126. Calculate the greatest common factor of a and 21.
7
Let a be 2970/44 - 6/(-4). What is the greatest common factor of 138 and a?
69
Let n(i) = 6*i**2 - i - 86. Let q be n(-6). What is the greatest common divisor of q and 128?
8
Let d(u) = u**2 + u - 8. Let y be d(-7). Let s = -52 + 222. Suppose -4*c = -6*c + s. Calculate the greatest common divisor of y and c.
17
Suppose 72 = -2*y + 2*b, -3*b = -5*y - 2*b - 184. Let d = 61 + y. Calculate the greatest common divisor of d and 192.
24
Suppose -5*z - 4 = -z, -2*q + 50 = -2*z. Suppose 15*a = 4*f + 11*a, f - 16 = -3*a. Calculate the highest common factor of f and q.
4
Suppose -8*v - 3 = -9*v. Suppose 0 = 4*u + p - 101, v*p = -u + 7*p + 38. Calculate the highest common divisor of u and 13.
13
Let o = -7 + 22. Suppose 3*u - 225 = -5*j, -63*j + 4*u = -58*j - 225. Calculate the highest common divisor of o and j.
15
Let s(o) = -o + 4. Let m be s(3). Suppose n - 7 = -m. Calculate the greatest common divisor of n and 6.
6
Let d(p) = 4*p**2 + 2 - 2*p - 2*p**3 + 2*p**3 - p**3. Let b be d(3). Suppose 0 = -10*f + 53 - 3. What is the greatest common divisor of b and f?
5
Let h = -37 - -34. Let r be (4 - 2)/(h/(-18)). Calculate the greatest common divisor of 84 and r.
12
Suppose 0 = -5*h + 87 + 213. Suppose h = 7*s - 2*s. Calculate the greatest common factor of s and 8.
4
Suppose 0*v = -2*v - t + 1, -19 = -2*v + 5*t. Let b be (44/(-6))/(v/(-3)). What is the greatest common divisor of 77 and b?
11
Let h = 243 + -146. Let r = h + -55. Suppose -q + r = q. What is the greatest common factor of q and 231?
21
Let j(z) = -z**3 + 15*z**2 - 18*z - 177. Let u be j(12). Let i(q) = q**2 + 7*q. Let x be i(6). What is the greatest common factor of x and u?
39
Suppose 0 = 15*r - 17*r + 14. Calculate the greatest common factor of 14 and r.
7
Let m = 7 - 10. Let n(y) = -80*y + 2. Let u be n(m). Let k = -52 + 74. What is the greatest common factor of k and u?
22
Suppose 2*y + 18 + 14 = 0. Let b be (-1 - 1)/(y/224). What is the highest common divisor of 7 and b?
7
Suppose h = 14*h - 299. Calculate the greatest common factor of 46 and h.
23
Let n(o) = 3*o - 7. Let g be n(8). Suppose -2 - g = -s. Calculate the highest common factor of 95 and s.
19
Let m(a) = 2*a**2 - 5*a - 18. Suppose 6*j - 18 = 8*j. Let l be m(j). Calculate the greatest common divisor of 27 and l.
27
Suppose 63 = 2*g - 4*a + a, -4*a = 4*g - 96. Let d = 15 + -13. Suppose 2 = -v - v, -3*t + 25 = d*v. What is the greatest common divisor of t and g?
9
Let n be 7/(370/420 + (-10)/12). Calculate the highest common factor of n and 343.
49
Let n be (-4)/((-27)/162 + 5/(-114)). Suppose -2*p + 7 + 11 = 0. Suppose p*l = 4*l + 95. Calculate the highest common divisor of l and n.
19
Suppose 5*i - i = j + 55, 0 = -j - 3. Calculate the greatest common factor of 208 and i.
13
Suppose 2*z - 2 = 52*u - 48*u, -61 = -5*z - 4*u. Let t(c) = -7*c**2 + c. Let r be t(-1). Let n = r + 17. What is the greatest common divisor of z and n?
9
Suppose -4*q = -0*u - 3*u - 4, -5*u = 5*q + 30. Let m be q + 5 + (-4 - 4). Let n = m - -14. What is the highest common divisor of n and 3?
3
Let o(n) = 6*n - 56. Let f be o(10). Suppose -10 = -p + 4*d - 6*d, 2*p - 12 = f*d. Calculate the highest common factor of p and 3.
1
Suppose 18*z - 24*z = -1662. Suppose -3*a - 73 = -z. Calculate the greatest common divisor of 17 and a.
17
Suppose 0 = 197*x - 191*x - 120. Suppose 0 = 4*g - 6*g - 10, 0 = 2*k - g - 65. What is the highest common factor of k and x?
10
Suppose -205 = -d + 230. What is the highest common factor of d and 15?
15
Let w be (0/(-1))/(1 + (-6)/(-3)). Suppose w = -3*h + 86 - 26. Calculate the greatest common factor of 5 and h.
5
Let f(x) = x**3 - x**2 - x. Let p be f(2). Suppose 0 = -z + 4*z - 5*u - 244, -p*z = 5*u - 196. What is the greatest common divisor of 8 and z?
8
Let h(l) = 96*l + 34. Let g be h(1). Calculate the greatest common factor of g and 1105.
65
Let i = 131 - 123. Calculate the greatest common factor of i and 32.
8
Suppose 15 = -m + 87. What is the greatest common factor of 126 and m?
18
Let h = 20 - -14. Suppose -11 = 5*a - 51. Let c be (2/a)/((-14)/(-952)). Calculate the greatest common factor of c and h.
17
Let g = 238 + -214. Calculate the greatest common divisor of g and 40.
8
Let d = 21 - 36. Let r be d/10*4/6*-81. What is the greatest common factor of r and 9?
9
Let m be 117 + -32 - 0/(-1 + 0). Let r = m - -3. Let b(u) = 3*u - 4. Let d be b(5). What is the greatest common divisor of r and d?
11
Let t be (4 + 10)/(43/14 - 3). What is the greatest common factor of 20 and t?
4
Let m = 333 + -329. What is the greatest common factor of m and 38?
2
Let y be (4/(-6))/((-4)/18). Suppose y*k - 47 = 10. Let x be 12/(-66) + (-3780)/(-99). What is the highest common factor of k and x?
19
Suppose 5*r = -2*v + 173 + 507, -r = 4. What is the highest common factor of v and 28?
14
Let q(n) = -n + 11. Let p be q(7). Let w be 4 + -4 + 4/p. Calculate the highest common factor of 2 and w.
1
Let w be (-14)/12 - -1 - 64714/156. Let y = -244 - w. What is the highest common factor of y and 19?
19
Suppose -4*h - 3*x - 63 = 0, -73 = 5*h - 0*h - 2*x. Let s = 6 + h. Let d be (-24)/s*(-36)/(-2). What is the greatest common factor of d and 12?
12
Let m be (-4)/26 + (-41)/(-13). Suppose -d - 14 = 5*r - 64, -2*d = m*r - 30. Let s = 6 - -44. What is the highest common factor of r and s?
10
Let m be (294/56)/((-6)/(-328)). What is the highest common divisor of m and 41?
41
Let n(y) = 6*y**3 + 2*y**2 - 8*y + 12. Let l be n(2). Let z be (42/28)/(3/l). What is the greatest common divisor of z and 26?
26
Suppose -95 + 8 = 3*p. Let j(u) = -u**2 - 30*u - 5. Let v be j(p). What is the highest common divisor of 40 and v?
8
Let j be 4/12*0 - -1. Suppose -2*o + 4*d + 0*d = -2, -3*d = -4*o - 1. Let n be o - -26*j*1. Calculate the highest common factor of 275 and n.
25
Suppose 0 = 10*u - 7*u - 360. What is the greatest common divisor of 48 and u